{"id":10267,"date":"2023-07-12T03:06:11","date_gmt":"2023-07-12T03:06:11","guid":{"rendered":"https:\/\/www.originalleather.com.co\/sitio\/?post_type=product&#038;p=10267"},"modified":"2026-02-03T22:34:35","modified_gmt":"2026-02-03T22:34:35","slug":"l-53-porta-documento-vehiculo-cafe","status":"publish","type":"product","link":"https:\/\/www.originalleather.com.co\/sitio\/product\/l-53-porta-documento-vehiculo-cafe\/","title":{"rendered":"L-53 Porta documento veh\u00edculo Caf\u00e9"},"content":{"rendered":"","protected":false},"excerpt":{"rendered":"<p><strong>Medidas<\/strong><\/p>\n<p>Alto 12.5 cms\u00a0 Ancho 8.5 cms<\/p>\n","protected":false},"featured_media":9908,"comment_status":"open","ping_status":"closed","template":"","meta":{"jetpack_publicize_message":"","jetpack_is_tweetstorm":false,"jetpack_publicize_feature_enabled":true,"jetpack_social_post_already_shared":false,"jetpack_social_options":{"image_generator_settings":{"template":"highway","enabled":false}}},"product_cat":[190,281,178],"product_tag":[],"jetpack_publicize_connections":[],"yoast_head":"<!-- This site is optimized with the Yoast SEO plugin v21.6 - https:\/\/yoast.com\/wordpress\/plugins\/seo\/ -->\n<title>L-53 Porta documento veh\u00edculo Caf\u00e9 - Original Leather<\/title>\n<meta name=\"robots\" content=\"index, follow, max-snippet:-1, max-image-preview:large, max-video-preview:-1\" \/>\n<link rel=\"canonical\" href=\"https:\/\/www.originalleather.com.co\/sitio\/product\/l-53-porta-documento-vehiculo-cafe\/\" \/>\n<meta property=\"og:locale\" content=\"es_ES\" \/>\n<meta property=\"og:type\" content=\"article\" \/>\n<meta property=\"og:title\" content=\"L-53 Porta documento veh\u00edculo Caf\u00e9 - Original Leather\" \/>\n<meta property=\"og:description\" content=\"MedidasAlto 12.5 cms\u00a0 Ancho 8.5 cms\" \/>\n<meta property=\"og:url\" content=\"https:\/\/www.originalleather.com.co\/sitio\/product\/l-53-porta-documento-vehiculo-cafe\/\" \/>\n<meta property=\"og:site_name\" content=\"Original Leather\" \/>\n<meta property=\"article:modified_time\" content=\"2026-02-03T22:34:35+00:00\" \/>\n<meta property=\"og:image\" content=\"https:\/\/www.originalleather.com.co\/sitio\/wp-content\/uploads\/2022\/07\/portcafe.jpg\" \/>\n\t<meta property=\"og:image:width\" content=\"1200\" \/>\n\t<meta property=\"og:image:height\" content=\"1100\" \/>\n\t<meta property=\"og:image:type\" content=\"image\/jpeg\" \/>\n<meta name=\"twitter:card\" content=\"summary_large_image\" \/>\n<script type=\"application\/ld+json\" class=\"yoast-schema-graph\">{\"@context\":\"https:\/\/schema.org\",\"@graph\":[{\"@type\":\"WebPage\",\"@id\":\"https:\/\/www.originalleather.com.co\/sitio\/product\/l-53-porta-documento-vehiculo-cafe\/\",\"url\":\"https:\/\/www.originalleather.com.co\/sitio\/product\/l-53-porta-documento-vehiculo-cafe\/\",\"name\":\"L-53 Porta documento veh\u00edculo Caf\u00e9 - Original Leather\",\"isPartOf\":{\"@id\":\"https:\/\/www.originalleather.com.co\/sitio\/#website\"},\"datePublished\":\"2023-07-12T03:06:11+00:00\",\"dateModified\":\"2026-02-03T22:34:35+00:00\",\"breadcrumb\":{\"@id\":\"https:\/\/www.originalleather.com.co\/sitio\/product\/l-53-porta-documento-vehiculo-cafe\/#breadcrumb\"},\"inLanguage\":\"es\",\"potentialAction\":[{\"@type\":\"ReadAction\",\"target\":[\"https:\/\/www.originalleather.com.co\/sitio\/product\/l-53-porta-documento-vehiculo-cafe\/\"]}]},{\"@type\":\"BreadcrumbList\",\"@id\":\"https:\/\/www.originalleather.com.co\/sitio\/product\/l-53-porta-documento-vehiculo-cafe\/#breadcrumb\",\"itemListElement\":[{\"@type\":\"ListItem\",\"position\":1,\"name\":\"Portada\",\"item\":\"https:\/\/www.originalleather.com.co\/sitio\/\"},{\"@type\":\"ListItem\",\"position\":2,\"name\":\"Shop\",\"item\":\"https:\/\/www.originalleather.com.co\/sitio\/shop\/\"},{\"@type\":\"ListItem\",\"position\":3,\"name\":\"L-53 Porta documento veh\u00edculo Caf\u00e9\"}]},{\"@type\":\"WebSite\",\"@id\":\"https:\/\/www.originalleather.com.co\/sitio\/#website\",\"url\":\"https:\/\/www.originalleather.com.co\/sitio\/\",\"name\":\"Original Leather\",\"description\":\"Original Leather la m\u00e1s amplia variedad de Accesorios en cuero y Cinturones en todos los estilos, dise\u00f1os y colores. Los dise\u00f1os de Original Leather se basan en las \u00faltimas tendencias de la moda, para as\u00ed poder brindarte productos con el mejor gusto y de la mejor calidad. Medellin Colombia, billeteras en cuero, cinturones en cuero, billeteras, cinturones.\",\"potentialAction\":[{\"@type\":\"SearchAction\",\"target\":{\"@type\":\"EntryPoint\",\"urlTemplate\":\"https:\/\/www.originalleather.com.co\/sitio\/?s={search_term_string}\"},\"query-input\":\"required name=search_term_string\"}],\"inLanguage\":\"es\"}]}<\/script>\n<!-- \/ Yoast SEO plugin. -->","yoast_head_json":{"title":"L-53 Porta documento veh\u00edculo Caf\u00e9 - Original Leather","robots":{"index":"index","follow":"follow","max-snippet":"max-snippet:-1","max-image-preview":"max-image-preview:large","max-video-preview":"max-video-preview:-1"},"canonical":"https:\/\/www.originalleather.com.co\/sitio\/product\/l-53-porta-documento-vehiculo-cafe\/","og_locale":"es_ES","og_type":"article","og_title":"L-53 Porta documento veh\u00edculo Caf\u00e9 - Original Leather","og_description":"MedidasAlto 12.5 cms\u00a0 Ancho 8.5 cms","og_url":"https:\/\/www.originalleather.com.co\/sitio\/product\/l-53-porta-documento-vehiculo-cafe\/","og_site_name":"Original Leather","article_modified_time":"2026-02-03T22:34:35+00:00","og_image":[{"width":1200,"height":1100,"url":"https:\/\/www.originalleather.com.co\/sitio\/wp-content\/uploads\/2022\/07\/portcafe.jpg","type":"image\/jpeg"}],"twitter_card":"summary_large_image","schema":{"@context":"https:\/\/schema.org","@graph":[{"@type":"WebPage","@id":"https:\/\/www.originalleather.com.co\/sitio\/product\/l-53-porta-documento-vehiculo-cafe\/","url":"https:\/\/www.originalleather.com.co\/sitio\/product\/l-53-porta-documento-vehiculo-cafe\/","name":"L-53 Porta documento veh\u00edculo Caf\u00e9 - Original Leather","isPartOf":{"@id":"https:\/\/www.originalleather.com.co\/sitio\/#website"},"datePublished":"2023-07-12T03:06:11+00:00","dateModified":"2026-02-03T22:34:35+00:00","breadcrumb":{"@id":"https:\/\/www.originalleather.com.co\/sitio\/product\/l-53-porta-documento-vehiculo-cafe\/#breadcrumb"},"inLanguage":"es","potentialAction":[{"@type":"ReadAction","target":["https:\/\/www.originalleather.com.co\/sitio\/product\/l-53-porta-documento-vehiculo-cafe\/"]}]},{"@type":"BreadcrumbList","@id":"https:\/\/www.originalleather.com.co\/sitio\/product\/l-53-porta-documento-vehiculo-cafe\/#breadcrumb","itemListElement":[{"@type":"ListItem","position":1,"name":"Portada","item":"https:\/\/www.originalleather.com.co\/sitio\/"},{"@type":"ListItem","position":2,"name":"Shop","item":"https:\/\/www.originalleather.com.co\/sitio\/shop\/"},{"@type":"ListItem","position":3,"name":"L-53 Porta documento veh\u00edculo Caf\u00e9"}]},{"@type":"WebSite","@id":"https:\/\/www.originalleather.com.co\/sitio\/#website","url":"https:\/\/www.originalleather.com.co\/sitio\/","name":"Original Leather","description":"Original Leather la m\u00e1s amplia variedad de Accesorios en cuero y Cinturones en todos los estilos, dise\u00f1os y colores. Los dise\u00f1os de Original Leather se basan en las \u00faltimas tendencias de la moda, para as\u00ed poder brindarte productos con el mejor gusto y de la mejor calidad. Medellin Colombia, billeteras en cuero, cinturones en cuero, billeteras, cinturones.","potentialAction":[{"@type":"SearchAction","target":{"@type":"EntryPoint","urlTemplate":"https:\/\/www.originalleather.com.co\/sitio\/?s={search_term_string}"},"query-input":"required name=search_term_string"}],"inLanguage":"es"}]}},"jetpack_sharing_enabled":true,"_links":{"self":[{"href":"https:\/\/www.originalleather.com.co\/sitio\/wp-json\/wp\/v2\/product\/10267"}],"collection":[{"href":"https:\/\/www.originalleather.com.co\/sitio\/wp-json\/wp\/v2\/product"}],"about":[{"href":"https:\/\/www.originalleather.com.co\/sitio\/wp-json\/wp\/v2\/types\/product"}],"replies":[{"embeddable":true,"href":"https:\/\/www.originalleather.com.co\/sitio\/wp-json\/wp\/v2\/comments?post=10267"}],"wp:featuredmedia":[{"embeddable":true,"href":"https:\/\/www.originalleather.com.co\/sitio\/wp-json\/wp\/v2\/media\/9908"}],"wp:attachment":[{"href":"https:\/\/www.originalleather.com.co\/sitio\/wp-json\/wp\/v2\/media?parent=10267"}],"wp:term":[{"taxonomy":"product_cat","embeddable":true,"href":"https:\/\/www.originalleather.com.co\/sitio\/wp-json\/wp\/v2\/product_cat?post=10267"},{"taxonomy":"product_tag","embeddable":true,"href":"https:\/\/www.originalleather.com.co\/sitio\/wp-json\/wp\/v2\/product_tag?post=10267"}],"curies":[{"name":"wp","href":"https:\/\/api.w.org\/{rel}","templated":true}]}}